f) + 4*d(f). Give n(2).
2
Let v(r) be the first derivative of r**4/12 + r**3 - 3*r**2/2 + r + 2. Let j(d) be the first derivative of v(d). Determine j(-4).
-11
Let v(w) = -w**3 + w**2 + w - 8. Suppose 5*q = -3*h - 2*h + 45, -3*q - 3 = -3*h. Suppose -5*o + 5*f = h, -4*o + 1 + 2 = 3*f. What is v(o)?
-8
Let m(f) = -4*f. Let j(u) = -u. Let w(q) = -7*j(q) + 2*m(q). Suppose 53*v = 40*v - 39. Give w(v).
3
Let l(q) = q**2 + 5*q - 3. Let x(y) = -y - 3. Let v be x(-6). Suppose -5*a - v*o = 18, 3*a = -a - o - 20. Give l(a).
3
Let q(o) be the second derivative of o**4/12 + 3*o**3/2 + o**2 + 7*o. Give q(-7).
-12
Let m = 7 + -10. Let f be (-1)/m - 32/(-12). Suppose -f*w = w - 4. Let q(k) = -4*k**3 + 2*k**2 - k. Determine q(w).
-3
Suppose -f - 30 = 4*f. Let d(m) = 2*m + 5. What is d(f)?
-7
Let y(r) = 1. Let t(l) = 2*l + 6. Let f(k) = -t(k) + 6*y(k). Suppose 0 = -3*a - 2*c + 23, 24 + 41 = 5*a - 2*c. Let w = -9 + a. Determine f(w).
-4
Suppose 51 - 1 = 10*w. Let k(b) = 15*b**2 - 23*b - 21. Let d(j) = -7*j**2 + 11*j + 10. Let g(p) = -13*d(p) - 6*k(p). What is g(w)?
-4
Suppose 20 = -8*u - 2*u. Let d(b) = b**2 + 3*b + 3. Calculate d(u).
1
Suppose 0 = -o - 4*l - 0*l + 84, -484 = -5*o - 4*l. Let x be (-6)/(-27) + o/36. Suppose -2 = -4*w + x*w. Let h(i) = 4*i - 2. Determine h(w).
6
Let r = -149 + 152. Let f(x) = -x - 4. Give f(r).
-7
Let i(f) = -f + 1. Suppose 5*t + b = 16, 2*t - b = -0*b + 5. Determine i(t).
-2
Suppose -5*h - 9 = -w, -5*h + 7 = -0*w + 3*w. Let l(j) = 6*j - 1. Give l(h).
-7
Let u = -1 + 4. Let p(i) = 2*i**3 - 3*i**3 - 2 + 5*i**2 - 1 - u*i + 0. Give p(4).
1
Let f(k) be the third derivative of -k**5/60 + k**4/12 + 5*k**3/6 - 9*k**2. What is f(4)?
-3
Let l(k) = -1 - 2 - k + 10 - 6. What is l(-4)?
5
Let g be ((-1)/2)/(1/108). Let a be (g/(-45))/(4/(-10)). Let b(j) = -j**2 - 2*j + 3. Let i(n) = -3*n**2 - 6*n + 10. Let s(f) = 7*b(f) - 2*i(f). Calculate s(a).
-2
Let k(q) = 3 + q + 1 + 1 - 1. Calculate k(3).
7
Let i be (2 - 0 - 1)*0. Let v(x) be the second derivative of -2*x - 1/6*x**3 + 0 - 6*x**2 + 1/20*x**5 - 1/12*x**4. Give v(i).
-12
Let o = -17 - -16. Let a(p) be the second derivative of -p**3/6 - p**2/2 + 2*p. Let b(v) = 3*v. Let d(h) = o*b(h) - 4*a(h). Give d(-4).
0
Let t be (-5)/(-1)*(-16)/20. Let a(c) = -c**2 + 4*c + 2. Let y(r) = -r**2 - r - 1. Let z(f) = a(f) - 3*y(f). Give z(t).
9
Let s(p) = 2*p - 5. Suppose -5*b = -4*b - 3. Suppose 4*o + 2*v + v + 2 = 0, -b*v = 5*o + 1. Let r(w) = 5*w**2 - w. Let t be r(o). Determine s(t).
3
Let t(h) be the first derivative of h**4/4 - h**3 + 3*h - 1. Suppose 5*q + 9 = 34. Let y = q + -2. What is t(y)?
3
Let o(y) = 6*y**3 + y**2 - 1. Let w = -19 + 21. Suppose 2 = -0*j - w*j. What is o(j)?
-6
Let f(z) be the second derivative of 11*z**5/60 + z**3/6 + 3*z**2/2 - z. Let c(k) be the first derivative of f(k). Give c(-1).
12
Let b(h) = h. Let n be b(1). Let a(t) = -5*t - 5*t**3 + 5*t - t - n. Calculate a(-1).
5
Let m(o) be the second derivative of -o**5/20 + 5*o**4/12 - 7*o**3/6 + 5*o**2/2 + 11*o. What is m(4)?
-7
Let f = -56 - -53. Let s(h) = 2*h - 3. Give s(f).
-9
Let k(q) = q + 10. Suppose -3*l = t - 4*t - 12, 4*l - 2*t - 14 = 0. Suppose l*b = g + 2, -3 = b - 5*g + 15. Suppose -b*x = 3*x + 25. Determine k(x).
5
Let w = -2 - -8. Suppose -3*h = -h - w. Let p(z) be the second derivative of -z**5/20 + z**4/3 - 2*z**3/3 + z**2 - 135*z. Give p(h).
-1
Let m = -5 - -1. Let q(z) = z + 3. What is q(m)?
-1
Let g(b) = -6*b - 4 - 5*b - b**2 + 4*b. Let j be 3*((-2)/(-3))/((-42)/63). Calculate g(j).
8
Let y be 3/(1*(2 + -1)). Let j = -2 + y. Suppose -j = 3*s + 2. Let m(p) = -6*p. What is m(s)?
6
Let l be ((-3)/(6/(-1)) - 0)*8. Let m(f) = 0*f + 3*f + 3 - f. Calculate m(l).
11
Let r(w) = 5*w**2 - 20*w + 10. Let j(p) = -p**2 + 4*p - 2. Let g(i) = -11*j(i) - 2*r(i). Determine g(3).
-1
Let c(r) = 5*r**2 - r. Suppose 12 = -4*y - 2*h - h, 0 = -3*y - 4*h - 9. Let k(s) = -s**2 - 3*s - 1. Let p be k(y). What is c(p)?
6
Let y(w) = w**3 + 7*w**2 + 8*w + 6. Suppose 3 = h - 7. Suppose -3*s - 14 - h = 2*b, -5*s - 21 = -3*b. Determine y(s).
-6
Let z be (-2)/(-1)*(-5)/(-2). Let j(y) = y**2 + y + 3*y + 5 - 10*y. Let w be j(z). Let f(r) = r**3 - r - 1. What is f(w)?
-1
Let y(i) = i**2 - 2*i - 2. Let a be y(4). Let s(j) = -j**2 + 7*j + 1. Calculate s(a).
7
Let n be 8/(-28) - (-46)/14. Let w(r) = -6 + 1 - n*r + 0*r**3 - 3*r**2 + r**3. Let u(o) = o**3 + 4*o**2 - 2*o - 4. Let h be u(-4). Give w(h).
-1
Let y(v) be the third derivative of v**4/24 - v**3/2 - 2*v**2. Determine y(3).
0
Let q(u) = -u + 1. Suppose 5*y = 22 - 7. Let i be y/(-2)*(-4)/2. Suppose -4*w - i*z + 11 = 0, w - 14 = 4*z + 3. Give q(w).
-4
Let u(v) = 8*v**3 + 2*v**2 - 1. Let r(i) be the third derivative of -i**4/12 - 3*i**3/2 + 3*i**2. Let c be r(-5). Determine u(c).
9
Let m(k) be the first derivative of -5 - 5 + 4 + 2*k**2. Calculate m(-2).
-8
Let x(f) be the first derivative of 5/2*f**2 - 6*f - 1/4*f**4 - 11 - 5/3*f**3. What is x(-6)?
0
Let i(k) = -k - 2. Suppose 96 = -0*f + 4*f. Suppose -f = -n - 3*n. Suppose 4*y = n + 10. Give i(y).
-6
Let a(s) = -s**3 - 7*s**2 - s - 4. Suppose -d = -3*j - 18, -5*j + d + d = 29. What is a(j)?
3
Let x(y) = y - 10. Let d be x(10). Suppose d = 2*o - 4. Let i be o/5 + 81/(-15). Let b(z) = z**2 + 4*z - 6. Calculate b(i).
-1
Let q(n) = -n - 5. Suppose -148*y + 146*y - 20 = 0. Determine q(y).
5
Let p(z) = z**3 - 7*z**2 + 5*z + 4. Suppose 34 = 7*c - 8. What is p(c)?
-2
Let h(n) = 5*n + 24. Let t be h(-5). Let o(f) = 3*f + 1. Give o(t).
-2
Suppose -24 + 0 = -4*s. Suppose 2*l - s = -4*j - 28, -2*l = 6. Let q(z) = -z**3 - 4*z - 3 - z - 4*z**2 - z**2. Calculate q(j).
1
Let m(o) = o**3 + 4*o**2 - o - 2. Let f(n) = -2*n**3 - 8*n**2 + n + 5. Let w(q) = 2*f(q) + 5*m(q). What is w(-3)?
18
Let h(y) = -y**2 - 13*y + 2. Let r(o) = o - 1. Let s(x) = h(x) + 5*r(x). Let z be s(-7). Let d(t) = t**2 - 3*t + 3. Determine d(z).
7
Suppose 0 = -5*o + 29 + 6. Suppose -4*n - o = 5*z + 7, -3*n + 4*z + 5 = 0. Let r(f) = f**3. What is r(n)?
-1
Let r(m) = 3*m**3 - m**2 - 2*m - 1. Let k = 0 - 6. Let l = -7 - k. Calculate r(l).
-3
Let y(z) be the first derivative of z**4/8 - z**3/2 - z**2 - 1. Let i(n) be the second derivative of y(n). Calculate i(3).
6
Let n(f) = f**3 - 6*f**2 + 6*f - 4. Let w be n(5). Suppose 0 = 2*r - 4*h, -2*r = -4*r + 3*h + w. Let l(z) = -4*z - 2. What is l(r)?
-10
Let c(w) = -3*w**2 - 14*w - 2. Let p be (-10 + 4)/(6/4). Let b be c(p). Let n(i) = -2*i**3 + 1 - 3*i**3 + 7*i**2 - 6*i + 4*i**3. What is n(b)?
1
Let r(s) = 2*s + 59. Let h be r(-24). Let f(n) = -n + 8. What is f(h)?
-3
Let i = 0 - -3. Let c(s) = 2*s + 0*s - 2*s**2 + i*s**2. Determine c(-1).
-1
Let i(y) = 4*y**3 - y + 4. Let c(t) = -5*t**3 - t**2 - 4. Let m(u) = 3*c(u) + 4*i(u). Let k = 12 + -6. Let q = k - 3. What is m(q)?
-8
Let p(i) = -i**2 + i + 1. Let b = -14 - -2. Let d = b - -8. Let h = d - -4. What is p(h)?
1
Let p(n) be the second derivative of -n**6/120 - n**5/15 - n**4/12 + n**2 + 2*n. Let i(g) be the first derivative of p(g). Calculate i(-3).
-3
Suppose -3*z - z + 5*r = -32, -14 = -2*z + 2*r. Suppose z*m - 29 - 19 = 0. Suppose 2*i - 6 = -2*n, -m = n - 4*i - 4. Let q(d) = d**2 + 10. What is q(n)?
10
Let d = -23 - -22. Let f(l) = -l - 1. Give f(d).
0
Let r(n) = -n**2 + 6*n + 3. Let y be r(6). Let w(x) = x**3 - x**2 - 3*x. Give w(y).
9
Let m(a) = a**3 - 7*a**2 + 6*a - 4. Suppose -3*z - 2*z + 15 = 0. Suppose 12 = 2*y - l - 2, z*y = -5*l + 8. What is m(y)?
-4
Let x(k) = -k**3 + k**2 + 3. Let d be x(0). Let v(i) = 1 - d + 3 + 0 + 4*i. Give v(-1).
-3
Let a(m) be the first derivative of -m**4/4 + 2*m**3/3 + m**2 + 3*m - 3. Let r be 4 + (-2 - (4 + -5)). What is a(r)?
0
Let x(p) = -8*p + 3 - 3 + 3 + 9*p. Give x(6).
9
Let r(z) = -z + 5. Let w be r(5). Let m(l) = -l**3 + l - l**3 + w*l. Calculate m(-1).
1
Let m(u) = u**3 + 3*u**2 + u - 3. Let l be 2/(-5) - 243/5. Let d be (-38)/14 - (-14)/l. What is m(d)?
-6
Let s(j) be the first derivative of j**4/4 + 2*j**3 - 3*j**2 + 10*j - 48. What is s(-7)?
3
Let z(n) = 1 - 8*n - 11*n + 22*n. Determine z(-4).
-11
Suppose -3*p - 2*s + 12 = -4*s, -3*p + s = -12. Suppose -2*k + p = -6*k. Let q(l) be the third derivative of l**5/30 + l**3/6 - l**2. Give q(k).
3
Suppose 0 = -4*g + 9*g + 10. Let w(j) = 15*j + 15. Let i(k) = 7*k + 7. Let y(n) = 9*i(n) - 4*w(n). Let t b